2 = -k + 4*s, 0 = k - 3*s + 21 + 10. Let a = 76 + k. Calculate the greatest common factor of r and a.
16
Suppose -p = -17*o + 20*o - 38, 71 = 2*p + 5*o. What is the highest common divisor of 966 and p?
23
Suppose 0 = x - 11 - 15. Suppose d + 0*d = -2*a + 567, -582 = -2*a + 2*d. What is the greatest common divisor of x and a?
26
Let h(x) = -2*x**2 - 16*x - 20. Let q be h(-5). Let k be (-1)/3 - (-113)/(-3). Let o = 2 - k. Calculate the highest common divisor of q and o.
10
Let v(z) = z**2 - 18*z - 150. Let x be v(-8). Calculate the greatest common divisor of 174 and x.
58
Let z be (-88)/(-55)*2920/32. What is the greatest common divisor of 2 and z?
2
Let n(i) = -i**2 + 3*i + 3. Let g be n(2). Suppose p = -4*p + 3*v + 655, -630 = -g*p - 2*v. What is the highest common divisor of 16 and p?
16
Let l = -32 + 44. Let r(b) = -b**3 + 12*b**2 + b - 9. Let o be r(l). Suppose -5*q + o = -117. What is the highest common divisor of q and 8?
8
Let m be (-20)/(-230) - (-5052)/92. Calculate the highest common factor of 209 and m.
11
Let n = -2957 - -5360. What is the greatest common divisor of 27 and n?
27
Suppose -c = 38 - 74. Let s be (-15)/(-60) + (-382)/(-8). What is the greatest common factor of s and c?
12
Suppose -3*p = -6*p. Suppose p = 2*y - 4 + 8. Let u be (y + 0 + -8)*-2. Calculate the greatest common divisor of 10 and u.
10
Suppose -18865 = -35*i + 875. Calculate the greatest common divisor of 12 and i.
12
Suppose -8*m + 165 = -147. What is the greatest common divisor of m and 351?
39
Suppose 0 = -19*d + 16*d - 45. Let n be (3 - 0)*(35/d)/(-1). Calculate the highest common factor of n and 2.
1
Let o(d) = d + 7. Let y be o(7). Calculate the greatest common divisor of 10 and y.
2
Let s(a) = 4*a**2 + 9*a - 60. Let f be s(4). Let c be 4/(-2)*(3 + 2). Let l = c + f. What is the greatest common factor of l and 45?
15
Suppose -3*d + 24 = o - 7*d, -5*o + 2*d = -174. Let s = 141 - 117. What is the greatest common factor of o and s?
12
Suppose 0 = -2*j + 2*h + 332 - 12, 3*j = h + 490. Suppose j = -2*c + 167. Calculate the greatest common factor of 3 and c.
1
Suppose 2*n = -k - 4, -n + 10 = -k + 3*n. Let z(g) = g**2 + 8*g - 1. Let w be z(k). Let x = w - -28. What is the greatest common divisor of x and 45?
15
Let r be (-7 - 35)/((-2)/12). Let w(i) = i**2 - i - 6. Let c be w(7). Calculate the greatest common divisor of r and c.
36
Let p(r) = 4*r + 33. Let g be p(-9). Let q(m) = m**2 - 2*m - 4. Let w be q(g). Calculate the highest common divisor of w and 88.
11
Let z(q) = -19*q - 2. Let s be z(1). Let t = 39 + s. Let f(m) = -m**3 + m**2 + 27. Let y be f(0). Calculate the highest common divisor of t and y.
9
Let v = -57 + 77. Calculate the highest common factor of v and 50.
10
Let m = -49 + 97. Suppose -2*r + m = -5*j, -3*r = j - 4*j - 72. Calculate the highest common divisor of 264 and r.
24
Let j(s) = -s**3 + 11*s**2 - 2*s + 18. Let f be j(10). Calculate the highest common divisor of 28 and f.
14
Suppose 4*j = 2*j. Suppose 2*l = -z + 6, l - 3*z + 5*z = j. Suppose -2*i - l*t + 100 = 24, -4*t = -2*i + 100. Calculate the highest common factor of 4 and i.
4
Let s = 415 + -261. Calculate the greatest common factor of 14 and s.
14
Suppose 8*v - 4 = 6*v. Suppose 0 = 3*y - v*y - 2. Suppose 4*f + w = 85 + 97, -f + y*w = -41. Calculate the highest common divisor of 9 and f.
9
Let u be 57/(-76) - 2/(-16)*262. What is the greatest common factor of u and 1?
1
Let t(k) = 2*k**3 - 61*k**2 + 67*k - 1083. Let n be t(30). Suppose 5*x - 510 + 85 = 4*w, 0 = -w - 5. Calculate the highest common divisor of x and n.
27
Let i be 5/15 + 50/3. Suppose -4*r - i = -193. Suppose q + 4*o - 56 - r = 0, 0 = -5*q - 3*o + 585. What is the greatest common factor of 24 and q?
24
Let u = -190 + 236. What is the highest common factor of u and 1426?
46
Let r = -11236 - -11245. Suppose 0 = 6*u - 2*u + 8. Let d = 11 + u. What is the greatest common divisor of d and r?
9
Let p(r) = r**2 + 10*r + 27. Let w be p(-3). Calculate the greatest common factor of w and 54.
6
Let l = -24 + 37. Let c(q) = q**3 + 7*q**2 + 8*q + 3. Let h be c(-5). What is the greatest common divisor of h and l?
13
Suppose 0 = -61*k + 51*k + 1600. Calculate the greatest common divisor of 60 and k.
20
Let s(y) = -9*y - 6. Let u be (2/(-5))/(1/15). Let c be s(u). Suppose 0 = x + 4*h + 2*h - 56, -4*x + 144 = 4*h. What is the greatest common factor of c and x?
16
Let f be ((-58)/(-29))/(1/116). Calculate the greatest common divisor of 8 and f.
8
Suppose 2*y - 286 = -5*p, 5*p - 781 + 189 = -4*y. What is the highest common divisor of 9 and y?
9
Let n(m) = -m**3 + 7*m**2 + 2*m + 12. Let v be n(8). Let u be 2 + 0 - v/2. Calculate the greatest common factor of u and 140.
20
Let w = 90 - 88. Let j be 230/60 - w/(-12). What is the greatest common divisor of j and 12?
4
Suppose -8*u + 331 = -109. Let j = -4 + 2. Let l be j/(-9) - 344/(-72). Calculate the highest common divisor of l and u.
5
Suppose 47 = 5*n + 3*z, 2*n - 3*z + 7*z - 16 = 0. Let b(j) = -2*j + 3*j + 8 + 9 - 5. Let a be b(13). What is the greatest common factor of n and a?
5
Let a be 8/(-12) + (-203600)/(-120). Calculate the greatest common divisor of 64 and a.
32
Suppose 0 = -4*g + 559 + 333. Suppose 5*s = -2*y + y + g, -4*y - s = -987. What is the greatest common divisor of y and 31?
31
Let a be ((-132)/(-10))/(-2 + (-69)/(-30)). Calculate the greatest common divisor of 2 and a.
2
Suppose 3*o = 5*v - 492, 62 = v + o - 30. Let u(a) = a**2 - 37*a + 318. Let s be u(13). Calculate the highest common divisor of v and s.
6
Let h(i) = -i**2 - 11*i - 6. Let a be h(-10). Suppose 0 = 3*p + 15*p - 576. What is the highest common divisor of p and a?
4
Let q be (0 + -8)*(-4)/8. Let v be (12 - (4 - q)) + -2. What is the highest common factor of 5 and v?
5
Let w = 1704 - 1496. Calculate the greatest common factor of w and 32.
16
Suppose 2*n + 4*p = 46, 0 = -4*n + 51*p - 46*p + 105. What is the greatest common factor of n and 215?
5
Let s(h) be the third derivative of h**4/4 - 5*h**3 + 32*h**2. Let l be s(7). What is the highest common factor of 16 and l?
4
Suppose 0 = 8*l - 251 - 173. Let z = l + -20. Calculate the greatest common factor of 11 and z.
11
Suppose 0 = 7*r + 81 - 809. Calculate the greatest common factor of 39 and r.
13
Let l be (0 + 2 + 0)*1. Let c be -5700*(2 + l)/(-8). Let k be (-4)/(-14) - c/(-21). What is the greatest common divisor of 17 and k?
17
Suppose -4*y = 5*c - 36 - 18, -5*c - y = -66. Calculate the highest common divisor of 392 and c.
14
Suppose 2*r + 215 - 575 = 0. What is the greatest common factor of 4 and r?
4
Let y = -490 - -510. What is the highest common factor of 1580 and y?
20
Let h be (-2)/(-4) + (-645)/(-6). Suppose -88 = -4*b - b - 3*u, -5*b + 2*u = -h. Calculate the highest common divisor of b and 180.
20
Suppose 0 = 3*s - 13 + 1. Suppose -v = -5*v + u + 10, -2*v - 2 = -s*u. What is the highest common divisor of 2 and v?
1
Let i = 180 + -156. What is the highest common factor of i and 6?
6
Suppose k - 112 = 2*u - 6*u, -4*u = -5*k - 88. Suppose -428 = -4*x - 4*v, -3*x + 123 = -v - 202. Calculate the greatest common factor of x and u.
27
Suppose 7226 + 31174 = 400*a. Suppose -3*g = 12, -2*g - 78 + 10 = -5*o. Calculate the greatest common factor of a and o.
12
Let u = -86 - -90. Suppose z - 3*s = -1 + 39, 5*z - 152 = -u*s. What is the highest common factor of z and 2?
2
Suppose 0*l + 3*l = 648. Suppose 0 = 5*k - k - 16, -2*j + 16 = -3*k. Suppose 86 = 3*o + j. Calculate the greatest common factor of l and o.
24
Let f(a) = -a**2 - 18*a - 69. Let i be f(-12). What is the highest common factor of i and 15?
3
Let i = -1321 - -1949. Let m be (-3)/(-7) - i/28. Let g be 6/33 - 568/m. Calculate the highest common factor of 65 and g.
13
Suppose -l = -4*c + 7 + 20, 5*l + 3 = -2*c. Calculate the highest common divisor of c and 74.
2
Let o = 149 + -134. Suppose 2*y - 4*b = 26, -b + 2*b = -2*y + 1. What is the highest common factor of y and o?
3
Let g be ((-2)/6)/(-4*1/312). Calculate the greatest common divisor of 62 and g.
2
Let f = -741 - -792. Calculate the greatest common factor of f and 6.
3
Suppose 0 = -0*y - 3*y + 18. Let d = y - -1. Suppose -d*n + 36 = -3*n. Calculate the greatest common factor of n and 36.
9
Suppose -c - c = -52. Let n = -4842 - -4972. Wha